third derivative of l(y). What is f(7)?
-7
Let z(c) = -2*c + c**3 - 1 + c - 2*c**3 - 4*c**2. Let n(k) = -10*k - 21. Let d be n(6). Let o = 77 + d. Give z(o).
3
Suppose -5*x = s + 50, -x - 2*s + 3*s - 10 = 0. Let b(g) = -7*g - 18. Let c(n) = -10*n - 17. Let q(w) = 3*b(w) - 2*c(w). Give q(x).
-10
Let o be 5*(304/(-40) - -8). Let n(u) = u**2 + 2*u**o - 35 - 36 + u - 2*u**2 + 72. What is n(-3)?
7
Let c(y) = 3*y**2 + y + 2. Let f(l) = -7*l**2 - 2*l - 5. Let t(j) = -5*c(j) - 2*f(j). Let q(r) = r**2 + 11*r - 184. Let p be q(9). Give t(p).
-12
Let b(g) = 7*g**3 - 3*g**2 - 14*g + 1. Let u be b(4). Let p = 350 - u. Let q(t) = t - 3. What is q(p)?
2
Let u(o) = 2*o**2 - 4. Suppose 45*q = -9*q - 12 - 42. Let m(v) = -v**3 + 2*v**2 - 2. Let b be m(2). Let f = b + q. Give u(f).
14
Let q be (5/(-10))/(17/(-102)). Let b(r) be the first derivative of 2 + 1/4*r**4 - 5/3*r**q - 6*r - 3*r**2. What is b(6)?
-6
Let b(q) = -q**2 + q + 2. Let x be b(2). Suppose -12*n = -105*n. Suppose 4*v = -n*v - u, -3*v + u = x. Let s(c) = -c + 7. What is s(v)?
7
Let o(l) = -l + 2. Let g(r) = -r + 3. Let z(n) = -3*g(n) + 5*o(n). Let t be z(3). Let w(q) = 85*q + 1 + q**3 + 4*q**2 + 90*q - 178*q. Give w(t).
-9
Let a(o) = -6*o**3 - 10*o**2 - 8*o - 19. Let p(f) = -f**3 - 6. Let v(s) = a(s) - 5*p(s). Give v(-9).
2
Let i(b) be the third derivative of -25*b**4/24 + 29*b**3/2 + 878*b**2 - 6. Give i(5).
-38
Suppose -25 + 7 = -6*c. Let j(i) be the first derivative of -i - c*i - 1 - i - i**2 + 0*i. What is j(-4)?
3
Let z(b) = 13*b**2 + 2*b + 1. Let l be -4*(2 + (-11)/4). Suppose f - l - 54 = 2*c, -5*f + 2*c = -277. Let s be 2/(-5) + (-33)/f. Give z(s).
12
Suppose 5*y - 16 = 4*a, 3*y + 0 = a - 3. Let j(x) = 12*x**3 + 8*x**2 - 7*x + 13 - 7*x**3 - 4*x**3. Calculate j(a).
-5
Let d(f) = -11*f**3 - 29*f**2 + 14*f + 5. Let j(h) = 2*h**3 + h**2 + 2*h - 6. Let t(u) = -d(u) - 5*j(u). Determine t(-25).
0
Let h = -601 + 750. Suppose p = -137 + h. Let j(r) = r**3 - 11*r**2 - 11*r - 16. What is j(p)?
-4
Let c(d) = -d**2 - d + 16. Let v be (7 + -3 - 7) + (-828)/(-138). Determine c(v).
4
Suppose 0*v - 8 = 2*v. Let u = 3 + v. Let f(b) = -b**3 + 2*b**3 - 9289 + b + 9289. Calculate f(u).
-2
Let l(d) = -5*d + 1. Let w be -5*89 + 116/29. Let s = 444 + w. Calculate l(s).
-14
Let p = 306 + -306. Suppose -7*u - 14 = -p*u. Let z(q) = -3*q**3 - 2*q**2 - q - 1. What is z(u)?
17
Let k(u) = -5*u + 79. Let g(j) = 27*j - 436. Let r(t) = 2*g(t) + 11*k(t). What is r(-14)?
11
Suppose -75 = -3*y - 5*k + 25, -5*k + 65 = 2*y. Let h(w) = -20*w - 13*w + 6 + y*w. What is h(-4)?
-2
Let h(s) = -2*s - 8 + 7*s + 14 - 32*s. Give h(1).
-21
Let a be 12/3 + -15 + 14. Let c(l) = 5 + 9*l**2 + 8*l - 3*l + 5*l - l**a - 6. What is c(10)?
-1
Let a(m) = 1 - 103518*m**2 + m**3 + 103521*m**2 - 4*m - 5. Give a(-4).
-4
Let g(i) = 3*i + 37. Let d be (-11 - (-2 - -2))*1. Let r be g(d). Let o(n) be the second derivative of -n**4/12 + 2*n**3/3 + 2*n**2 - n. Determine o(r).
4
Let w = 60 + -147. Let g = w - -81. Let f(x) = x**2 + 7*x - 6. Calculate f(g).
-12
Let y(c) = 2*c + 0 - 223*c**2 - 16*c + 423*c**2 - 201*c**2 - 2. Determine y(0).
-2
Let d(v) = -v**3 - 10*v**2 - 23*v - 134. Let w = 3596 - 3605. Calculate d(w).
-8
Let j(z) = 2*z - 3. Let k(g) = g + 23. Let h(x) = x**2 + 8*x - 42. Let l be h(-10). Let w be k(l). Let y(r) = r - 1. Let q(b) = w*j(b) - 4*y(b). Give q(3).
-5
Let i be ((-2)/6)/((6/2)/(-18)). Let s be (-2 + 1)/(13/26)*i. Let n(v) = v**2 + 8*v - 1. Give n(s).
-17
Suppose -2*p + 8*z + 4 = 7*z, 3*p = 4*z + 6. Let t(r) = -2 + r**2 + 12*r**p - 14*r**2 + 10 + 12*r. Calculate t(10).
28
Let k(o) be the first derivative of -o**4/12 - o**3/6 + 2*o**2 + 50*o + 7. Let i(d) be the first derivative of k(d). What is i(0)?
4
Let v(g) = 297 + 198*g - 159*g - 559 - g**2. Determine v(31).
-14
Let p(x) = 0*x**2 - 33*x + 161 - 18*x - 3*x**2 + 4*x**2 + 79*x. Let m be p(-20). Let j(s) = 16*s**2 - 4*s + 1 + s + s. Give j(m).
15
Let i = -410 + 415. Suppose 3*w + 13 = 4*x - 7, -3*w + 25 = i*x. Let v(d) = -2*d**2 + 2*d + 8. Let f(u) = -u + 1. Let a(t) = -4*f(t) + v(t). Calculate a(x).
-16
Let g = 74 + -83. Let x(f) = f**3 + 9*f**2 - 7*f + 5. What is x(g)?
68
Suppose 5*i - 125 = -0*i. Let y be ((36/15)/(10/i))/(-1). Let r(f) = f**3 + 7*f**2 + 4*f + 2. Determine r(y).
14
Let a = 13726 - 13718. Let n be (-1 - -2) + 3/3. Let l(d) = d**3 - 10*d**2 - 2*d - 7. Let c(s) = s**2 + s - 1. Let j(q) = n*c(q) + l(q). What is j(a)?
-9
Let o(h) = 9 + 5 - 881867*h + 881866*h. Give o(7).
7
Let l(z) = -935 + 1689 - 813 + 5*z. What is l(9)?
-14
Let x(y) = -y - 1. Let r(l) = l**2 + 63*l + 538. Let t be r(-10). Let o = 10 - 7. Suppose -1 = o*w + t. Determine x(w).
2
Suppose 0 = -16*c + 538 + 70. Let p = -41 + c. Let x(y) = -y**2 - 4*y - 6. Calculate x(p).
-3
Let f(n) = -2*n + 4. Let j = -262 + 268. Suppose -j = -68*q + 69*q. What is f(q)?
16
Let u(y) be the second derivative of -y**4/12 + 3*y**3/2 - 3*y**2 - 641*y. Determine u(4).
14
Let t(f) = -20 - 3*f + f**3 + 11 + 9*f**2 - 2 - 2. Let d be t(-9). Suppose 2*w = -s - 0*s + d, 24 = 4*w + s. Let z(o) = o**3 - 4*o**2 - 2*o - 3. Give z(w).
12
Let t(h) = -19. Let m(y) = 22. Let v(a) = -6*m(a) - 7*t(a). Let f(w) = 2*w + 17. Let z(x) = -f(x) - 6*v(x). Determine z(-10).
-3
Let w = 156 - 162. Let r(m) = -1. Let h(c) = -c**2 + c - 25. Let i(q) = w*r(q) + h(q). What is i(0)?
-19
Let w(b) = -b - 1. Suppose -7*d - 48 = 5*d. Let a(x) = 2*x**2 + 9*x + 8. Let c be a(d). Suppose -c*n + 10*n - 30 = 0. Give w(n).
-6
Let n(t) = -3*t**2 + 5*t - 27. Let a(k) = -13*k**2 + 20*k - 114. Let r(l) = -2*a(l) + 9*n(l). Determine r(11).
-81
Let w(q) = 5*q - 150 + 19*q - 25*q + 148 + 38*q**2. What is w(-1)?
37
Let n(r) = -243*r + 2 + r**3 + 1 + 4*r**2 + 240*r. Let c be (2/(-3))/(7/(-42)). Suppose 3*d - 35 = 4*w, -c*w - 2*d + 0 = 10. What is n(w)?
-7
Let v(d) = -4*d**3 + 121*d**2 + 92*d + 32. Let j be v(31). Let k(a) = -a**2 + a - 1. Determine k(j).
-1
Let o(a) = -19*a**2 - 11*a - 9. Let s(g) = -10*g**2 - 6*g - 5. Suppose 8*z + 13 = -75. Let d(v) = z*s(v) + 6*o(v). What is d(2)?
-15
Suppose 5*b + 2*g + 33 = 0, 4*b + 19*g = 23*g - 4. Let y(a) = a + 4. Let p(n) = -2*n - 9. Let l(q) = -6*p(q) - 13*y(q). Give l(b).
7
Let f(i) = i**3 + 46*i**2 - 6*i + 6. Let v(k) = -7*k**2 - k - 2. Let x(y) = f(y) + 6*v(y). Calculate x(-6).
-6
Let h(p) = 2*p**2 - 2*p + 17. Let t(y) = 5*y**2 - 2*y + 52. Let j(c) = -3*h(c) + t(c). Suppose 3*d + 0*d + 4*n = 18, 2*n = d - 6. Determine j(d).
-11
Let w(h) = -250*h**2 - 17*h - 25 - 252*h**2 + 500*h**2. Let d be w(-6). Let y(n) = -n - 5. Give y(d).
-10
Let k(t) = -2*t**2 + 3*t - 5. Let z(x) = x**3 + 2*x**2 - x. Let c be z(1). Let j(i) = -i**2 + 2*i - 3. Let b(d) = c*k(d) - 3*j(d). Determine b(3).
-10
Let f(r) = r**2 - 33*r + 52. Let b be f(32). Let d(x) = 19*x + 21*x + b - 55*x + 14*x. Give d(9).
11
Suppose -4*l + 8 = -24. Let d = l - 6. Let r(p) = d - 3 - 6*p - 1. Determine r(-3).
16
Let u(x) = -10*x - 10. Suppose 7*t + 30*t + 144 = 13*t. What is u(t)?
50
Let f(x) = -x**2 + 2*x + 4. Let y = 209 - 210. Let h be y + (-29 + 5)/(-6). Give f(h).
1
Suppose 86*b + 349 = -81. Let t(c) = -17*c + 12. Give t(b).
97
Let o(g) = g**3 + 10*g**2 - 4. Let n = 1306 - 1315. Give o(n).
77
Let g(c) = -20*c**2 - c + 1. Let p = -5 + -1. Let y = 6 + p. Let h be (1/(-2))/(y + (-1)/2). What is g(h)?
-20
Let v(b) = -b**3 + 5*b**2 - 2*b + 5. Let i(q) = -6*q - 116 + 7*q - 2*q + 7*q. Let x be i(20). Give v(x).
13
Let d(x) = -x**3 - 16*x - 12540*x**2 + 12520*x**2 + 1 + 6 - 20*x. Give d(-18).
7
Let o(d) = 2*d - 4. Let w(h) = -h + 3. Let q = 9 + -5. Let m(l) = q*w(l) + 3*o(l). Let r = -722223 + 722219. Determine m(r).
-8
Let k(x) be the first derivative of -11*x + 4 - 23 - 4*x + x**2 + 187. Give k(9).
3
Let k = -5 + 7. Let a(q) = -q**2 + 2*q**2 + 6*q - 2*q**k + 11. Let g = -6044 - -6052. What is a(g)?
-5
Let w(v) = -v + 6. Let a be w(3). Suppose a*n = 5*s - 2, -s + 0*n = -5*n - 18. Let o be s*(-2)/(-12)*3. Let q(g) = 6*g**2. What is q(o)?
6
Let p = 24 - 13. Suppose 2*t = p*t - 36. Suppose 7*z + 31 = -t. Let u(l) = l**3 + 5*l**2 + l - 5. Give u(z).
-10
Let l = 367 + -146. Let p = -221 + l. Let m(k) = -k**3 - k**2 - 4. Calculate m(p).
-4
Let o(k) = -2*k**2 + 116*k + 102. Let y be o(59). Let l(d) = -d**3 - 16*d**2 + 2*d - 1. Give l(y).
-33
Let u(g) be the first derivative of g**3/3